 + 3*t + 6. Calculate the remainder when ((3*m)/i)/(-1) is divided by 7.
5
Let a = 132 + -408. Let l = a + 175. Let y = -68 - l. Calculate the remainder when y is divided by 9.
6
Let i be 1/(-1)*(-3 - 0). Suppose i*n = 4*g - 69, -7*n = -2*n + 15. Suppose x + 172 = 5*x. Calculate the remainder when x is divided by g.
13
Let u = 52 - 17. Suppose 5*f - n = n + u, 5*f + 3*n = 60. Calculate the remainder when (-3)/((-6)/52) - 1 is divided by f.
7
Let n(x) = 3*x - 12. Let t(p) = -4*p + 13. Let w(z) = -6*n(z) - 5*t(z). What is the remainder when 27 is divided by w(4)?
12
Let y(x) = 3*x - 2. Let i be y(4). Suppose 0 = 5*r + i - 75. What is the remainder when 38 is divided by r?
12
Suppose -4*u - 3*m = -0*u - 8, -5*u + m + 10 = 0. Suppose -u*q = -55 - 15. Suppose -r = 2*r - 36. What is the remainder when q is divided by r?
11
Suppose 0 = 9*z - 4*z. Suppose z = 4*s - 0 - 4. Calculate the remainder when s is divided by 1.
0
Let o = 75 + -53. Calculate the remainder when o is divided by (-4)/(-6) + (-44)/(-6).
6
Let n(h) = 2*h**2 - 4*h + 20. Let g(r) = r + 1. Let d(l) = -l**2 - 10*l + 9. Let o(t) = d(t) + 2*g(t). What is the remainder when n(0) is divided by o(-8)?
9
Suppose 146 = 10*h - 384. What is the remainder when h is divided by 11?
9
Let j be (-14)/6*(0 - 3). Suppose 4*c = 21 + j. Let y(t) = t**2 - 6*t + 6. Calculate the remainder when y(c) is divided by 7.
6
Suppose 0 = -0*j - 4*j + 340. What is the remainder when j is divided by 44?
41
Suppose -j = 1, 0*r + 2*j + 8 = r. Suppose -4*x - 58 = 5*i - 191, 0 = -2*i - r. Let h(m) = 13*m**2. Calculate the remainder when x is divided by h(-1).
11
Suppose 3*b - 14 = 31. Let y(p) = 28*p + 1. Suppose 4*f - 3 = 1. Calculate the remainder when y(f) is divided by b.
14
Suppose -31 = 5*o + 29. Let y = 8 + o. Calculate the remainder when 11 is divided by -1*(y - (2 - -1)).
4
Let n = 10 + -23. Let h = 10 + n. What is the remainder when 1 is divided by h/(-12) - 6/(-8)?
0
Suppose 72*w - 76*w = -68. Let s = -44 - -71. Let q = 6 + s. Calculate the remainder when q is divided by w.
16
Let j(k) = -k**3 + 11*k**2 - 10*k + 7. What is the remainder when j(8) is divided by 40?
39
What is the remainder when 93 is divided by 10/(-35) + 58/7?
5
Let z = 20 - 16. What is the remainder when 28 is divided by 30/z*20/15?
8
Let t(k) = k**2 + 3. Calculate the remainder when 7 is divided by t(0).
1
Let i = 1 - 3. Let n = 0 - i. Let y = 8 - 3. Calculate the remainder when y is divided by n.
1
Let y(x) = -x**3 + 4*x**2 + 4*x - 3. Let v(o) = o**3 - 2*o**2 + 10*o - 2. Calculate the remainder when v(3) is divided by y(4).
11
Let f be (-51)/(-15) - 2/5. Suppose f*m + 6 = -3*x + 18, 4*x = 4*m - 40. Let o = 2 + 1. Calculate the remainder when m is divided by o.
1
Suppose 2*r = 6, -4*n = 2*r - 9 - 5. Suppose 4*q - v = 11, 3*q - v - 14 = -n*q. What is the remainder when (4/q)/((-2)/(-15)) is divided by 4?
2
Suppose 2 = 2*d + 2*r, 2*d - 4*r - 11 = d. Suppose -5*g + d*l = -78, g + l - 29 = -g. Calculate the remainder when g is divided by 8.
7
Suppose -13*h + 16*h - 45 = 0. Calculate the remainder when 29 is divided by h.
14
Suppose 4*p = s + 126, -4*p + 2*p = -5*s - 72. Calculate the remainder when p is divided by 21.
10
Calculate the remainder when 4/(4/49) - 0/(-1) is divided by 17.
15
Calculate the remainder when 111 is divided by (-24)/(-2 + (-2)/(-4)).
15
Let r(g) be the first derivative of -g**4/4 - g**3 + 4*g**2 + 3*g - 2. Calculate the remainder when r(-5) is divided by 8.
5
Let t = 3 - 13. Suppose -2*v - v - 69 = 0. Let m = t - v. Calculate the remainder when 24 is divided by m.
11
Suppose g = 8 + 2. Suppose 4*j - 42 = -g. Calculate the remainder when (1 - -6)/(2/4) is divided by j.
6
Let f(o) = 4*o + 11. Let h be f(5). Let t = h - 14. What is the remainder when 32 is divided by t?
15
Let g(w) = 3*w + 5. Let v(i) = -10*i - 1. Calculate the remainder when g(4) is divided by v(-1).
8
Let r(b) = 44*b - 5. Calculate the remainder when r(1) is divided by 14.
11
Let h = 177 + -157. What is the remainder when 37 is divided by h?
17
Let r(m) = -m**3 - 9*m**2 - 6*m + 11. Let y be r(-8). Let l = 12 - y. Calculate the remainder when l is divided by 6.
5
Let x be ((-9)/12)/(1/(-4)). Suppose 3*k - 3*m = -m + 33, -m = -x*k + 36. Let t = -4 + k. Calculate the remainder when 26 is divided by t.
8
Let b be (-5)/(-20) + 14/8. Suppose 0*f + b*f = 6. Calculate the remainder when 8 is divided by f.
2
What is the remainder when 118 is divided by (0 - (-7 - -5))*(-34)/(-4)?
16
Suppose 9*b - 302 = 355. Suppose 0 = o - z - 3 - 11, -o - 1 = -4*z. What is the remainder when b is divided by o?
16
Let m be -30*(0 - (-2)/(-4)). Suppose p = -4*p - 3*d + 40, -m = -p - 2*d. What is the remainder when 7 is divided by p?
2
Let p(d) = 42*d**2 - 1. Let w be p(1). Let m = w - 14. Let k = -12 + m. What is the remainder when 44 is divided by k?
14
Let x = 6 - -6. What is the remainder when 20 is divided by x?
8
Suppose 8 = -3*w - 49. Let j = 40 + w. What is the remainder when j is divided by 0 + 2 + 12 + -3?
10
Suppose -53 = -3*q - 3*m - 2, -5*q = 2*m - 88. Suppose 2*j + 4 = -0*j. What is the remainder when 66 is divided by (q - -1) + (j - 0)?
15
Let z = -7 + 12. Suppose 3*a + 13 = f, z*a = 3*a. What is the remainder when f is divided by 5?
3
Let y be 3/18 + (-100)/24. Calculate the remainder when 39 is divided by 384/27 + y/18.
11
Let h(z) = -26*z + 1. Suppose -14*b = -85 - 111. What is the remainder when h(-2) is divided by b?
11
Suppose 5*h = -2*m + 31, 0*m - 4*h = 5*m - 69. Calculate the remainder when 61 is divided by m.
9
What is the remainder when 16 is divided by -3*1*(-110)/33?
6
Let j(k) = 8*k. Let x be j(-1). Calculate the remainder when 34 is divided by 6*-4*6/x.
16
What is the remainder when 23 is divided by (-1)/(-4) - 62/(-8)?
7
Suppose -3*v = 9 - 39. Calculate the remainder when 27 is divided by v.
7
What is the remainder when 38 is divided by -1 - -3 - (-8)/1?
8
Let k = -37 - -108. Calculate the remainder when k is divided by 37.
34
Let x = 17 - 14. Suppose 19 - 40 = -x*c. What is the remainder when 25 is divided by c?
4
Let x = -14 + 20. What is the remainder when 63 is divided by 194/12 - 1/x?
15
Let b = 6 - 9. Let p(y) = -2*y**3 - 3*y**2 + 3*y. What is the remainder when 88 is divided by p(b)?
16
Suppose 2*w = -2*w + 40. Let k(x) = -x + 1. Let t be k(-11). Let c = t + 5. Calculate the remainder when c is divided by w.
7
Suppose -5*m = -3*w + 26, -m + 22 = 5*w - 4*m. Calculate the remainder when 7 is divided by w.
1
Suppose -14*n = -16*n + 16. What is the remainder when 39 is divided by n?
7
Let k = -3 - -4. Let d = k + -1. Suppose 5*x - 68 - 32 = d. Calculate the remainder when x is divided by 7.
6
Let i = 8 + -6. Suppose 0 = i*o - y - 19, 4*o = o + y + 30. What is the remainder when 42 is divided by o?
9
Calculate the remainder when (-1 - 19)*2/(-4) is divided by 4.
2
Let u = -11 - -15. Let f = 56 - 54. What is the remainder when u is divided by f?
0
Let i(c) = 4*c**2 + 4*c + 1. Let t be 3*(-2)/2*1. What is the remainder when i(t) is divided by (45/(-20))/(4/(-16))?
7
Let z = -14 - -45. Let u(n) = -n + 4. What is the remainder when z is divided by u(-7)?
9
Let l(a) = a**2 + a + 3. Let c be l(0). Suppose -2*k + 21 = q, -c*q + 8*k - 3*k + 74 = 0. What is the remainder when 45 is divided by q?
22
Suppose -5*f - 2*r = -75 - 12, 53 = 3*f + 2*r. Calculate the remainder when 30 is divided by f.
13
Suppose 2*f + 3 = 5*n, 3*f + 9*n - 4*n - 33 = 0. Let w(d) = d + 7. Calculate the remainder when 50 is divided by w(f).
11
Calculate the remainder when 40 + -3 + (-2)/2 is divided by 13.
10
Suppose 0*d - 4*x = 2*d - 48, 0 = -4*d + x + 69. Calculate the remainder when 29 is divided by d.
11
Suppose 4*y + 0*y = 44. Let t be 10/(-45) - y/(-9). Calculate the remainder when 46 is divided by (128/(-24))/(t/(-3)).
14
Suppose -5*r - 2*y + 133 = -2*r, 5*r = -2*y + 215. Calculate the remainder when r is divided by 14.
13
Let m(k) = k - 3. Let y be m(4). Let n(a) = 2*a + 1. What is the remainder when 2/2 + -4 + 9 + 1 is divided by n(y)?
1
Let j(f) = f**3 + f**2 - f. Let l(r) = -3*r**3 - 10*r**2 + 4*r - 4. Let b(c) = -4*j(c) - l(c). What is the remainder when 5 is divided by b(6)?
1
Suppose -4*n + 12 = -20. Let x = -59 + 89. What is the remainder when x is divided by n?
6
Let 